eatest common factor of 547 and 455651.
547
Calculate the highest common divisor of 2868 and 39.
3
Calculate the greatest common divisor of 10 and 675450.
10
What is the highest common divisor of 2 and 16726?
2
What is the greatest common divisor of 45 and 188289?
9
What is the greatest common divisor of 43250 and 79250?
250
Calculate the highest common factor of 55 and 184855.
55
What is the greatest common factor of 10726 and 6138?
62
What is the greatest common factor of 126096 and 144?
48
Calculate the greatest common factor of 999708 and 6810.
1362
What is the greatest common factor of 32 and 622064?
16
Calculate the greatest common divisor of 21 and 16429.
7
Calculate the greatest common divisor of 3782 and 2074.
122
Calculate the greatest common factor of 1166 and 1537.
53
Calculate the highest common factor of 2110 and 1266.
422
Calculate the highest common divisor of 6608 and 1475000.
472
Calculate the greatest common factor of 4972 and 297.
11
What is the greatest common factor of 5 and 139835?
5
Calculate the highest common divisor of 16 and 846224.
16
Calculate the greatest common factor of 164 and 1808223.
41
What is the highest common divisor of 86650 and 2350?
50
Calculate the greatest common divisor of 28 and 22804.
4
What is the greatest common factor of 1940 and 1480?
20
Calculate the highest common factor of 23253 and 152661.
1011
What is the highest common factor of 69 and 102264?
3
Calculate the highest common divisor of 125 and 1602875.
125
What is the highest common factor of 130662 and 3366?
306
Calculate the greatest common divisor of 87561 and 46.
23
What is the highest common divisor of 70798 and 26?
26
Calculate the greatest common divisor of 170814 and 1078.
98
Calculate the highest common divisor of 90606 and 36.
6
What is the highest common divisor of 212 and 704476?
212
What is the greatest common factor of 14186 and 1804?
82
Calculate the highest common divisor of 854 and 2142.
14
Calculate the greatest common factor of 402 and 1818514.
134
What is the highest common divisor of 1690 and 8060?
130
What is the highest common divisor of 48 and 4717644?
12
Calculate the highest common factor of 846 and 1359.
9
Calculate the highest common factor of 1730300 and 23400.
1300
What is the highest common factor of 15588 and 99?
9
What is the highest common divisor of 11753 and 2023?
7
Calculate the greatest common factor of 1002834 and 18.
18
What is the greatest common divisor of 12423 and 431472?
303
What is the highest common divisor of 3893930 and 3548?
1774
Calculate the highest common divisor of 603 and 168170.
67
What is the greatest common divisor of 94663 and 47593?
523
What is the greatest common factor of 1824 and 64638?
114
What is the greatest common factor of 345 and 96715?
115
Calculate the greatest common divisor of 1520870 and 20.
10
What is the highest common divisor of 6250 and 70?
10
What is the highest common factor of 30 and 11380?
10
Calculate the highest common divisor of 30371 and 1757.
251
Calculate the greatest common divisor of 15 and 11061975.
15
Calculate the highest common divisor of 5340 and 786760.
1780
Calculate the highest common factor of 13425 and 537.
537
What is the highest common factor of 1001754 and 13?
13
Calculate the highest common divisor of 3836 and 680616.
548
What is the greatest common factor of 1053 and 325782?
81
Calculate the highest common divisor of 81771 and 12.
3
Calculate the greatest common factor of 116424 and 2904.
264
What is the highest common factor of 17688 and 104?
8
Calculate the greatest common divisor of 22256 and 1040.
208
What is the highest common divisor of 226205 and 24150?
805
Calculate the highest common divisor of 294 and 8274.
42
What is the greatest common divisor of 80 and 9910?
10
What is the greatest common factor of 36 and 2250819?
9
Calculate the greatest common factor of 4699 and 2627.
37
Calculate the greatest common divisor of 36946 and 3248.
406
What is the highest common divisor of 39515 and 70?
35
Calculate the greatest common divisor of 1133 and 649.
11
What is the highest common factor of 5044 and 4850?
194
What is the greatest common divisor of 400 and 740?
20
Calculate the highest common factor of 850 and 578.
34
Calculate the highest common factor of 15049 and 447.
149
What is the highest common factor of 684802 and 46?
46
Calculate the highest common factor of 504385 and 70.
35
Calculate the highest common divisor of 45 and 2335.
5
Calculate the greatest common divisor of 614848 and 256.
64
Calculate the greatest common factor of 1044 and 1113600.
348
Calculate the greatest common divisor of 12054 and 24990.
294
What is the greatest common factor of 100017 and 108?
9
Calculate the greatest common factor of 8686 and 150328.
86
What is the greatest common factor of 5858 and 174?
58
What is the greatest common factor of 74 and 86?
2
What is the highest common factor of 12259 and 736?
23
What is the greatest common factor of 12 and 426660?
12
What is the highest common divisor of 6587 and 21?
7
Calculate the highest common factor of 75 and 201525.
75
What is the highest common divisor of 39990 and 60?
30
Calculate the highest common divisor of 39208 and 290.
58
Calculate the highest common divisor of 261 and 260217.
261
Calculate the greatest common divisor of 7 and 115321.
1
What is the highest common divisor of 139 and 430483?
139
Calculate the highest common divisor of 232219 and 13.
13
Calculate the highest common divisor of 9282 and 81822.
78
Calculate the highest common divisor of 430 and 80195.
215
Calculate the greatest common factor of 3039500 and 2750.
250
Calculate the highest common factor of 199434 and 516.
258
Calculate the greatest common divisor of 242406 and 12.
6
What is the greatest common factor of 205 and 153955?
205
Calculate the highest common factor of 6800 and 62800.
400
What is the highest common factor of 812955 and 825?
165
Calculate the greatest common factor of 11302 and 866.
2
What is the highest common factor of 76 and 359328?
76
What is the highest common factor of 1468579 and 3332?
833
Calculate the highest common factor of 377460 and 300.
60
Calculate the highest common divisor of 61248 and 64.
64
What is the highest common factor of 94 and 16873?
47
Calculate the highest common factor of 99911 and 49.
49
What is the greatest common factor of 350 and 247050?
50
What is the highest common divisor of 351 and 108433?
13
What is the highest common divisor of 135412 and 6596?
388
Calculate the highest common divisor of 20587 and 2856.
119
What is the highest common factor of 5760 and 2089440?
1440
Calculate the highest common factor of 38410 and 106720.
230
What is the greatest common divisor of 14210 and 36260?
490
What is the highest common divisor of 60402 and 33?
3
What is the greatest common factor of 25704 and 289?
17
What is the highest common divisor of 166396 and 102?
34
What is the highest common factor of 13104 and 555282?
1638
Calculate the highest common factor of 21 and 35273.
7
What is the highest common factor of 14637 and 6929?
41
Calculate the greatest common factor of 9 and 144.
9
What is the greatest common factor of 140 and 356930?
70
What is the highest common factor of 725 and 2755?
145
Calculate the greatest common divisor of 918 and 118660.
34
What is the highest common divisor of 5506 and 5?
1
Calculate the highest common divisor of 12 and 786.
6
Calculate the greatest common factor of 26307 and 999.
333
Calculate the greatest common divisor of 1367171 and 13.
13
What is the greatest common factor of 354 and 5694798?
354
What is the highest common factor of 23072940 and 1548?
1548
What is the highest common divisor of 6192 and 1557?
9
What is the greatest common factor of 5122675 and 23?
23
What is the greatest common factor of 300 and 244560?
60
What is the highest common divisor of 1118925 and 285?
15
What is the highest common divisor of 132 and 107196?
12
Calculate the highest common factor of 30216 and 264.
24
Calculate the highest common factor of 184 and 949624.
184
Calculate the highest common divisor of 14271 and 12993.
213
What is the greatest common divisor of 18912 and 60?
12
Calculate the highest common divisor of 2002 and 6500.
26
Calculate the greatest com